{"id":58,"date":"2018-01-12T10:06:04","date_gmt":"2018-01-12T09:06:04","guid":{"rendered":"http:\/\/www.photo-univers.net\/depotvente\/?page_id=58"},"modified":"2018-09-29T11:28:07","modified_gmt":"2018-09-29T09:28:07","slug":"informations-le-rachat","status":"publish","type":"page","link":"https:\/\/www.photo-univers.net\/depotvente\/informations-le-rachat\/","title":{"rendered":"Informations le Rachat"},"content":{"rendered":"<h1 class=\"page-subheading cmsh1\">LE RACHAT DE MAT\u00c9RIEL<\/h1>\n<div class=\"col-md-12\">\n<p>Vous \u00eates press\u00e9s de r\u00e9aliser la vente d&rsquo;un mat\u00e9riel photo et\u00a0<strong><a href=\"https:\/\/www.photo-univers.fr\/content\/77-depot-vente\" target=\"_blank\" rel=\"noopener\">notre solution de d\u00e9p\u00f4t vente<\/a><\/strong>\u00a0ne vous convient pas ? Photo Univers vous propose de racheter directement votre mat\u00e9riel.<br \/>\n<strong>2 options possibles :<\/strong>\u00a0soit nous rachetons cash au montant d\u00e9fini par nos soins, soit sous forme d&rsquo;avoir (valable 1 an), donc plus int\u00e9ressant pour vous si vous pr\u00e9voyez de racheter du mat\u00e9riel sur Photo Univers.<\/p>\n<\/div>\n<div class=\"col-md-12\">\n<h3 class=\"cmsh3\">Comment proc\u00e9der ?<\/h3>\n<\/div>\n\t\t\t\t\t\t\t<h3 style=\"margin-bottom:20px;display:block;width:100%;margin-top:10px\">Informations le Rachat <\/h3>\r\n\t\t\t\t\t\t<style>\r\n\t\t\t\t<style>\r\n#wpsm_accordion_60 .wpsm_panel-heading{\r\n\tpadding:0px !important;\r\n}\r\n#wpsm_accordion_60 .wpsm_panel-title {\r\n\tmargin:0px !important; \r\n\ttext-transform:none !important;\r\n\tline-height: 1 !important;\r\n}\r\n#wpsm_accordion_60 .wpsm_panel-title a{\r\n\ttext-decoration:none;\r\n\toverflow:hidden;\r\n\tdisplay:block;\r\n\tpadding:0px;\r\n\tfont-size: 18px !important;\r\n\tfont-family: Open Sans !important;\r\n\tcolor:#000000 !important;\r\n\tborder-bottom:0px !important;\r\n}\r\n\r\n#wpsm_accordion_60 .wpsm_panel-title a:focus {\r\noutline: 0px !important;\r\n}\r\n\r\n#wpsm_accordion_60 .wpsm_panel-title a:hover, #wpsm_accordion_60 .wpsm_panel-title a:focus {\r\n\tcolor:#000000 !important;\r\n}\r\n#wpsm_accordion_60 .acc-a{\r\n\tcolor: #000000 !important;\r\n\tbackground-color:#e8e8e8 !important;\r\n\tborder-color: #ddd;\r\n}\r\n#wpsm_accordion_60 .wpsm_panel-default > .wpsm_panel-heading{\r\n\tcolor: #000000 !important;\r\n\tbackground-color: #e8e8e8 !important;\r\n\tborder-color: #e8e8e8 !important;\r\n\tborder-top-left-radius: 0px;\r\n\tborder-top-right-radius: 0px;\r\n}\r\n#wpsm_accordion_60 .wpsm_panel-default {\r\n\t\tborder:1px solid transparent !important;\r\n\t}\r\n#wpsm_accordion_60 {\r\n\tmargin-bottom: 20px;\r\n\toverflow: hidden;\r\n\tfloat: none;\r\n\twidth: 100%;\r\n\tdisplay: block;\r\n}\r\n#wpsm_accordion_60 .ac_title_class{\r\n\tdisplay: block;\r\n\tpadding-top: 12px;\r\n\tpadding-bottom: 12px;\r\n\tpadding-left: 15px;\r\n\tpadding-right: 15px;\r\n}\r\n#wpsm_accordion_60  .wpsm_panel {\r\n\toverflow:hidden;\r\n\t-webkit-box-shadow: 0 0px 0px rgba(0, 0, 0, .05);\r\n\tbox-shadow: 0 0px 0px rgba(0, 0, 0, .05);\r\n\t\tborder-radius: 4px;\r\n\t}\r\n#wpsm_accordion_60  .wpsm_panel + .wpsm_panel {\r\n\t\tmargin-top: 5px;\r\n\t}\r\n#wpsm_accordion_60  .wpsm_panel-body{\r\n\tbackground-color:#ffffff !important;\r\n\tcolor:#000000 !important;\r\n\tborder-top-color: #e8e8e8 !important;\r\n\tfont-size:16px !important;\r\n\tfont-family: Open Sans !important;\r\n\toverflow: hidden;\r\n\t\tborder: 2px solid #e8e8e8 !important;\r\n\t}\r\n\r\n#wpsm_accordion_60 .ac_open_cl_icon{\r\n\tbackground-color:#e8e8e8 !important;\r\n\tcolor: #000000 !important;\r\n\tfloat:right !important;\r\n\tpadding-top: 12px !important;\r\n\tpadding-bottom: 12px !important;\r\n\tline-height: 1.0 !important;\r\n\tpadding-left: 15px !important;\r\n\tpadding-right: 15px !important;\r\n\tdisplay: inline-block !important;\r\n}\r\n\r\n\t\t\t\r\n\t\t\t<\/style>\t\r\n\t\t\t<\/style>\r\n\t\t\t<div class=\"wpsm_panel-group\" id=\"wpsm_accordion_60\" >\r\n\t\t\t\t\t\t\t\t\r\n\t\t\t\t\t<!-- Inner panel Start -->\r\n\t\t\t\t\t<div class=\"wpsm_panel wpsm_panel-default\">\r\n\t\t\t\t\t\t<div class=\"wpsm_panel-heading\" role=\"tab\" >\r\n\t\t\t\t\t\t  <h4 class=\"wpsm_panel-title\">\r\n\t\t\t\t\t\t\t<a  class=\"\"  data-toggle=\"collapse\" data-parent=\"#wpsm_accordion_60 \" href=\"javascript:void(0)\" data-target=\"#ac_60_collapse1\" onclick=\"do_resize()\">\r\n\t\t\t\t\t\t\t\t\t\t\t\t\t\t\t\t\t<span class=\"ac_open_cl_icon fa fa-minus\"><\/span>\r\n\t\t\t\t\t\t\t\t\t\r\n\t\t\t\t\t\t\t\t \r\n\t\t\t\t\t\t\t\t<span class=\"ac_title_class\">\r\n\t\t\t\t\t\t\t\t\t\t\t\t\t\t\t\t\t\t\t\t<span style=\"margin-right:6px;\" class=\"fa fa-laptop\"><\/span>\r\n\t\t\t\t\t\t\t\t\t1\/ Remplir le formulaire\t\t\t\t\t\t\t\t<\/span>\r\n\t\t\t\t\t\t\t<\/a>\r\n\t\t\t\t\t\t  <\/h4>\r\n\t\t\t\t\t\t<\/div>\r\n\t\t\t\t\t\t<div id=\"ac_60_collapse1\" class=\"wpsm_panel-collapse collapse in\"  >\r\n\t\t\t\t\t\t  <div class=\"wpsm_panel-body\">\r\n\t\t\t\t\t\t\t<a href=\"\/depotvente\/\">Remplissez le formulaire<\/a> avec vos articles et pi\u00e8ces justificatives.\t\t\t\t\t\t  <\/div>\r\n\t\t\t\t\t\t<\/div>\r\n\t\t\t\t\t<\/div>\r\n\t\t\t\t\t<!-- Inner panel End -->\r\n\t\t\t\t\t\r\n\t\t\t\t\t\t\t\t\r\n\t\t\t\t\t<!-- Inner panel Start -->\r\n\t\t\t\t\t<div class=\"wpsm_panel wpsm_panel-default\">\r\n\t\t\t\t\t\t<div class=\"wpsm_panel-heading\" role=\"tab\" >\r\n\t\t\t\t\t\t  <h4 class=\"wpsm_panel-title\">\r\n\t\t\t\t\t\t\t<a  class=\"collapsed\"  data-toggle=\"collapse\" data-parent=\"#wpsm_accordion_60 \" href=\"javascript:void(0)\" data-target=\"#ac_60_collapse2\" onclick=\"do_resize()\">\r\n\t\t\t\t\t\t\t\t\t\t\t\t\t\t\t\t\t<span class=\"ac_open_cl_icon fa fa-plus\"><\/span>\r\n\t\t\t\t\t\t\t\t\t\r\n\t\t\t\t\t\t\t\t \r\n\t\t\t\t\t\t\t\t<span class=\"ac_title_class\">\r\n\t\t\t\t\t\t\t\t\t\t\t\t\t\t\t\t\t\t\t\t<span style=\"margin-right:6px;\" class=\"fa fa-laptop\"><\/span>\r\n\t\t\t\t\t\t\t\t\t2\/ Calcul de la valeur de rachat\t\t\t\t\t\t\t\t<\/span>\r\n\t\t\t\t\t\t\t<\/a>\r\n\t\t\t\t\t\t  <\/h4>\r\n\t\t\t\t\t\t<\/div>\r\n\t\t\t\t\t\t<div id=\"ac_60_collapse2\" class=\"wpsm_panel-collapse collapse \"  >\r\n\t\t\t\t\t\t  <div class=\"wpsm_panel-body\">\r\n\t\t\t\t\t\t\tAfin de calculer le montant de la reprise, nous nous basons sur vos informations (r\u00e9f\u00e9rence produit, \u00e9tat, d\u00e9clenchements ...), et surtout sur l'\u00e9tat du march\u00e9 de l'occasion.\r\nSur le prix march\u00e9 constat\u00e9, nous appliquons ensuite une d\u00e9cote pour couvrir l\u2019ensemble des co\u00fbts d\u00e9taill\u00e9s ci-dessous :\r\n<ul>\r\n<li>Photo-univers contr\u00f4le votre mat\u00e9riel, le nettoie avant la mise en vente<\/li>\r\n<li>Photo-univers prend \u00e0 sa charge les frais financiers (frais sur les paiements carte bancaire, frais sur le paiement en 3 fois, et assure votre transaction contre la fraude)<\/li>\r\n<li>Photo-univers prend \u00e0 sa charge la garantie votre mat\u00e9riel<\/li>\r\n<li>Photo-univers doit d\u00e9gager une marge<\/li>\r\n<li>Photo-univers doit reverser la TVA sur la marge<\/li>\r\n<li>Exemple, nous vendons un produit 100\u20ac, nous vous versons 75\u20ac , nous devons payer la TVA 20% sur les 25\u20ac , soit 5\u20ac )<\/li>\t\t\t\t\t\t  <\/div>\r\n\t\t\t\t\t\t<\/div>\r\n\t\t\t\t\t<\/div>\r\n\t\t\t\t\t<!-- Inner panel End -->\r\n\t\t\t\t\t\r\n\t\t\t\t\t\t\t<\/div>\r\n\t\t\t\r\n<script type=\"text\/javascript\">\r\n\t\r\n\t\tfunction do_resize(){\r\n\r\n\t\t\tvar width=jQuery( '.wpsm_panel .wpsm_panel-body iframe' ).width();\r\n\t\t\tvar height=jQuery( '.wpsm_panel .wpsm_panel-body iframe' ).height();\r\n\r\n\t\t\tvar toggleSize = true;\r\n\t\t\tjQuery('iframe').animate({\r\n\t\t\t    width: toggleSize ? width : 640,\r\n\t\t\t    height: toggleSize ? height : 360\r\n\t\t\t  }, 250);\r\n\r\n\t\t\t  toggleSize = !toggleSize;\r\n\t\t}\r\n\t\t\r\n<\/script>\t\n<p>Nous nous r\u00e9servons la possibilit\u00e9 de ne pas accepter votre mat\u00e9riel si nous jugeons que le potentiel de vente est trop limit\u00e9 (mat\u00e9riel trop ancien ou march\u00e9 trop \u00e9troit). Comme nous garantissons nos produits d&rsquo;occasion, nous v\u00e9rifierons que votre mat\u00e9riel est encore r\u00e9parable (pi\u00e8ces d\u00e9tach\u00e9es toujours disponibles, cela varie entre 5, 7 ou 10 ans en fonction des produits) par les stations techniques de la marque. A d\u00e9faut, la reprise sera impossible.<\/p>\n<a class=\"maxbutton-2 maxbutton maxbutton-je-suis-pret-pour-le-rachat\" href=\"https:\/\/www.photo-univers.net\/depotvente\/\"><span class='mb-text'>Je suis pr\u00eat pour le Rachat<\/span><\/a>\n","protected":false},"excerpt":{"rendered":"<p class=\"qua-blog-post-description\">LE RACHAT DE MAT\u00c9RIEL Vous \u00eates press\u00e9s de r\u00e9aliser la vente d&rsquo;un mat\u00e9riel photo et\u00a0notre solution de d\u00e9p\u00f4t vente\u00a0ne vous convient pas ? Photo Univers vous propose de racheter directement votre mat\u00e9riel. 2 options possibles :\u00a0soit nous rachetons cash au montant d\u00e9fini par nos soins, soit sous forme d&rsquo;avoir (valable 1 an), donc plus int\u00e9ressant [&hellip;]<\/p>\n","protected":false},"author":1,"featured_media":0,"parent":0,"menu_order":0,"comment_status":"closed","ping_status":"closed","template":"","meta":{"footnotes":""},"_links":{"self":[{"href":"https:\/\/www.photo-univers.net\/depotvente\/wp-json\/wp\/v2\/pages\/58"}],"collection":[{"href":"https:\/\/www.photo-univers.net\/depotvente\/wp-json\/wp\/v2\/pages"}],"about":[{"href":"https:\/\/www.photo-univers.net\/depotvente\/wp-json\/wp\/v2\/types\/page"}],"author":[{"embeddable":true,"href":"https:\/\/www.photo-univers.net\/depotvente\/wp-json\/wp\/v2\/users\/1"}],"replies":[{"embeddable":true,"href":"https:\/\/www.photo-univers.net\/depotvente\/wp-json\/wp\/v2\/comments?post=58"}],"version-history":[{"count":5,"href":"https:\/\/www.photo-univers.net\/depotvente\/wp-json\/wp\/v2\/pages\/58\/revisions"}],"predecessor-version":[{"id":1286,"href":"https:\/\/www.photo-univers.net\/depotvente\/wp-json\/wp\/v2\/pages\/58\/revisions\/1286"}],"wp:attachment":[{"href":"https:\/\/www.photo-univers.net\/depotvente\/wp-json\/wp\/v2\/media?parent=58"}],"curies":[{"name":"wp","href":"https:\/\/api.w.org\/{rel}","templated":true}]}}